et f(t) be the second derivative of t**4/12 + 5*t**3/3 + 5*t**2/2 + 18*t - 8. Let b be (10/(-3))/((-3)/(-9)). Determine f(b).
5
Suppose -13*f - 187 + 252 = 0. Let b(i) be the first derivative of i**3/3 - 2*i**2 - 5*i + 4. Give b(f).
0
Let r(v) be the second derivative of v**6/120 + 7*v**5/60 + v**4/8 - 2*v**3/3 + 113*v**2/2 - 57*v. Let h(k) be the first derivative of r(k). Calculate h(-4).
32
Let i(h) be the second derivative of h**3/2 - 64*h. Let q(d) = -2*d. Let k(u) = -4*i(u) - 5*q(u). What is k(2)?
-4
Let j = 2764 + -2770. Let u(s) = -5*s - 14. Determine u(j).
16
Suppose -3*s - 5 = j + 6, -4*s - 10 = -j. Let c = 1 - s. Let l(p) = -3*p**2 + c + 0 + 11*p - 3 - 12*p - p**3. Give l(-3).
4
Let j(i) = i**3 - 5*i**2 - i + 1. Let a be (-155)/10 - (-3)/6. Let f(w) = -2*w - 26. Let l be f(a). Let k be ((-6)/15)/((-32)/100)*l. Give j(k).
-4
Suppose 5*t + 4*x + 8 = 0, -21*x = -2*t - 17*x + 8. Suppose -o = 5*j + 16, 0 = -t*o - o - 4*j - 12. Let i(u) = -4 - 2*u + u + u**2 + 1. Give i(o).
9
Suppose -14*v = 2935 - 9613. Let b = -466 + v. Let c(n) = n**2 - 11*n - 12. Calculate c(b).
-12
Let h(k) = 5*k**2 - 3*k + 3. Let f = -2117 + 2118. Calculate h(f).
5
Suppose 2*y - 8 + 12 = -d, 5*y = 5*d + 5. Let c be ((-4)/10)/(d/(-40)). Let p(x) = x**3 + 9*x**2 + 10*x + 2. What is p(c)?
-14
Let q(n) = 2*n**3 - 2*n**2 - 6*n + 2. Suppose -2*i - 4*j - 6 = 0, 5*i + 2 = -3*j + 1. Let h(x) = x**2 + x - 1. Let m(y) = i*q(y) + 4*h(y). Give m(-2).
-6
Suppose 1066 = 4*b + 1054. Suppose -t - 7*r + b = -4*r, -2*t + 6 = 5*r. Let z(d) = -2*d**2 + 2*d + 1. What is z(t)?
-11
Let t = 34 - 3. Let d(x) = t + 2*x - 30 + x + 0*x. Let h be 5 + -8 + (4 - -2). Calculate d(h).
10
Suppose -4*l + 23919 = -36809. Let q(w) = -15191*w - 2 - 1 - 2*w**2 + l*w. Determine q(-7).
-38
Let f be ((-2356)/(-8))/((-10)/20). Let q = f - -594. Let l(y) = y**3 - 3*y**2 - 6*y - 4. Determine l(q).
16
Let o(r) = -r**3 + 60*r**2 + 253*r + 201. Let x be o(64). Let l(a) = -a**3 + 7*a**2 + 22*a + 3. What is l(x)?
39
Let j = -345 - -352. Let b(y) = -3*y**2 + 24*y**2 - 10*y**2 + 5 - j*y**2 - y**3 - y. Determine b(5).
-25
Let f(a) = -5*a**3 - 29*a**2 + 4*a - 104. Let u(c) = -2*c**3 - 15*c**2 + 2*c - 49. Let d(p) = 3*f(p) - 7*u(p). Give d(18).
-5
Let n be (-6)/17*(-3485)/410. Let u(q) be the second derivative of 21*q + 0 + 1/6*q**n + 3/2*q**2. Calculate u(3).
6
Let b = 25672 + -25670. Let o(t) = -3*t**2 + 6*t - 5. Give o(b).
-5
Let j be 4/(-16) + (-54)/(-24). Let c be ((8/(-3))/((-4)/6))/j. Let i(h) = 0*h**2 - 4*h + 2*h**2 - h**2 - 2*h**c. Give i(-6).
-12
Let l(h) = h**3 + 3*h**2 + 3*h + 2. Let c be l(-2). Let u(a) = -8*a - 91. Let g(m) = m + 10. Let y(z) = 18*g(z) + 2*u(z). What is y(c)?
-2
Let q(s) be the third derivative of -s**4/24 + s**3/2 + 3073*s**2. Determine q(11).
-8
Let k(i) = 9*i - 13*i + i**2 + 0*i**2. Let l(u) = -3*u**3 - 47*u**2 - 29*u + 19. Let n be l(-15). Give k(n).
0
Let m(x) be the third derivative of -x**6/120 + x**5/12 - 5*x**4/24 + x**3/3 + x**2 + 26. Suppose 4*p = p + 9. Determine m(p).
5
Let n(d) be the third derivative of d**6/120 - d**5/20 - 5*d**4/12 + 8*d**3/3 - 421*d**2. Determine n(2).
-8
Suppose 4787 = 2*k + 3851. Let o be (k/78)/(3/(-2)). Let q(l) = -9*l - 7. Let f(z) = 4*z + 3. Let s(j) = -5*f(j) - 2*q(j). What is s(o)?
7
Let x be ((-42)/16)/(216/(-1728)). Let t(u) = 11*u - 230. Determine t(x).
1
Let a(o) = 7 - 3 - 1 + 32*o**2 - 194*o - 9 - 17*o**2. Calculate a(13).
7
Let y(p) = 2782*p**3 - 5557*p**3 + 8*p - 7 + 2776*p**3 + 6*p**2 + p**2. Calculate y(-4).
9
Let b(y) = y**3 - 19*y**2 + 33*y + 11. Let k = -6095 - -6112. What is b(k)?
-6
Let r = 307 - 294. Let n(h) = 6 - 57*h + 51*h + r*h**2 - 12*h**2. Calculate n(7).
13
Suppose 42*r - 53*r + 77 = 0. Let u(c) = -7*c**3 + 22*c**2 + 15*c - 20. Let l(n) = -3*n**3 + 10*n**2 + 8*n - 10. Let y(o) = -5*l(o) + 2*u(o). Calculate y(r).
-11
Let x(u) = 4*u**3 - 2*u**2 - 1. Let z(m) = -19*m**3 + 11*m**2 - 2*m + 7. Let k(v) = 5*x(v) + z(v). Give k(0).
2
Let i(p) be the second derivative of p**6/120 - p**5/6 + p**4/12 - 5*p**3/6 + 44*p**2 - 73*p. Let j(k) be the first derivative of i(k). What is j(10)?
15
Let q be (-4)/6 + (-4)/12. Let h be -5*(-3 - -4)/q. Suppose -r = -h + 12. Let k(y) = y + 9. Calculate k(r).
2
Let i(y) = 89 - 88 + 20*y - 32*y + 11*y. Let c be 3 - (5/(-7) - (-4)/(-14)). What is i(c)?
-3
Let z(r) = r**3 + 7*r**2 - r + 13. Let h be z(-7). Suppose -9*v = -5*v - h. Let g(y) = -v*y + y + 4*y - y. Determine g(1).
-1
Let d(g) = 2*g + 2575 + 2530 - 5112 - 3*g**3 - 5*g**2. What is d(2)?
-47
Let q(o) be the first derivative of 5*o**2/2 + 139*o + 17. Let x be q(-26). Let i(l) = -l + 8. Determine i(x).
-1
Let m = 4995 + -4993. Let u(p) = -p**3 + 3*p**2 - 5*p + 7. Determine u(m).
1
Let u(z) = -71*z**3 + 36*z**3 + 15*z - 4*z**2 + 64 + 34*z**3 - 61. What is u(-7)?
45
Let n(p) = -p + 1. Let b(j) = -j**3 + 10*j**2 - 9*j + 2. Let w(q) = b(q) - 2*n(q). Suppose 0 = -t - 24 + 70. Let f = 55 - t. Determine w(f).
18
Let g(d) = -d**3 - 8*d**2 - 6*d. Let t = -15 - -23. Suppose -t + 17 = 3*w. Suppose 6 = -4*h + 5*l - 37, -26 = 5*h + w*l. Give g(h).
-7
Let s(a) = 2*a**3 - 7*a**2 + 2*a + 2. Let m be 12/(-12)*(-9)/3. Calculate s(m).
-1
Let j(h) = h**2 + 11*h + 35. Let i = -628 + 643. Suppose 4*v - 7*q + 4*q + i = 0, -v - 5*q - 21 = 0. What is j(v)?
5
Let s(j) be the second derivative of j**5/20 + j**4 - 5*j**3/3 + 27*j**2/2 + 69*j - 5. Determine s(-13).
-12
Let b(g) = -g**3 - g - 788*g**2 + 1586*g**2 - 3 - 787*g**2. Determine b(10).
87
Suppose 75 = 3*d - 0*d. Let g = -17 + d. Suppose 7 = -a + g. Let c(j) = 16*j + 1. Determine c(a).
17
Let m(i) = 10*i**3 + i**2 + i + 1. Suppose -16 = -98*z + 102*z. Let d(n) = n**3 + 3*n**2 + 15. Let l be d(z). Give m(l).
-9
Suppose -u + 3 = r + 12, 3*u + 34 = -4*r. Let t be -3 - 2 - (-14)/2. Let n(s) = -s - 4*s + 6*s**2 - 7*s**t + 4. Calculate n(r).
-10
Let l be (54/(-4))/27*((-3 - -37) + 4). Let t(r) = r**3 + 21*r**2 + 41*r + 33. Calculate t(l).
-24
Let j be -142 + 143 - ((-2)/2 - -2)*0. Let v(p) = p + 3. What is v(j)?
4
Let l(o) = 25 - 28 - 3*o**2 + 2*o**2 + 3*o. Suppose 35 = -2*b + 27. Let k be 87/15 + b/5. Calculate l(k).
-13
Let f(m) be the second derivative of -m**5/20 - m**4/2 - 2*m**3/3 + m**2/2 + 41*m - 4. Calculate f(-4).
-15
Let q(u) be the second derivative of u**5/10 - u**4 - 3*u**3/2 - 20*u**2 - 958*u + 2. Calculate q(7).
-5
Suppose -23*a + 4*a + 649 = 40*a. Let u(h) = -h + 16. Calculate u(a).
5
Let x(r) = 7*r**3 - r**2 - 2*r + 22. Let l(y) = -15*y**3 + 3*y**2 + 5*y - 46. Let p(s) = 6*l(s) + 13*x(s). Give p(-5).
-10
Suppose -2*f - 5*j = 35, -4*j = -3*f - f. Let n be (3 - (-12)/f)/(19/95). Let s(k) = -k**2 - 4*k + 3. Determine s(n).
-18
Let k(x) = -100*x + 188. Let f(y) = 5*y - 9. Let o(z) = -123*f(z) - 6*k(z). Give o(-2).
9
Let t(u) be the first derivative of -u**4/4 + 8*u**3/3 - 7*u**2/2 + 7*u - 11. Let o = 21 - 35. Let a = -7 - o. What is t(a)?
7
Suppose -13 = -5*m + 2*y, 2*y = -9*m + 4*m - 3. Let f(x) = -2*x**2 + 12697*x + m - 12697*x - 6*x**3. Suppose 0 = -0*u + 3*u - 3. Calculate f(u).
-7
Let o be (15/10*2)/1. Let n(g) = -60*g**2 - 17*g**3 + 65*g**2 - 1 + 18*g**o. Determine n(-5).
-1
Let y(l) = -l**2 + 4*l + 6. Let i be y(6). Let t(q) be the first derivative of -1/3*q**3 - 5/2*q**2 + 114 - 2*q. Give t(i).
-8
Let c(g) = -35*g**2 - 269*g - 122. Let m(z) = -7*z**2 - 54*z - 22. Let o(f) = -2*c(f) + 11*m(f). Determine o(-8).
2
Let q(l) = 9 - 10*l - l**2 - 29*l**3 + 0*l + 2*l + 24*l**3. Give q(1).
-5
Let v(t) = t - 3. Let i be ((-24)/(-18))/(4/102). Suppose 4 - i = 5*j. What is v(j)?
-9
Let l(o) be the third derivative of o**4/8 - 3*o**3/2 + o**2 + 638. Calculate l(14).
33
Let o be (33/12)/(5/160). Let v = 85 - o. Let k(l) be the first derivative of -l**3/3 - 2*l**2 - 3*l - 4. Determine k(v).
0
Let v(u) = -u**3 + 18*u**2 - 2. Let z(r) = 21*r - 87. Let n be z(4). Let y be 1 + (-36)/(-2) + (n - -2). What is v(y)?
-2
Let n(x) = x + 10. Suppose -8*f + 308 + 268 = 0. Let w = f - 68. Suppose 2*u + w + 10 = 0. Give n(u).
3
Suppose -6*h = -h - 35. Let x(a) be the first derivative of a**3/3 - 9*a**2/2 + 9*a - 29591. Calculate x(h).
-5
Let h be 4/(-3) + (-20)/3 + 6. Let q be (-5)/h - 3/(-2). Let z(r) = -12*r + 2 + 7*r + 8*r - q*r. Determine z(-2).
4
Let u(w) = w**3 + 1. Let n = -1218 - -1218. Determine u(n).
1
Let v(q) = q**